 77969267?
6
What is the hundreds digit of 44577593?
5
What is the tens digit of 1125070272?
7
What is the hundred millions digit of 102750796?
1
What is the tens digit of 450241237?
3
What is the hundreds digit of 99404178?
1
What is the thousands digit of 753546?
3
What is the tens digit of 6512947215?
1
What is the ten thousands digit of 7640201934?
0
What is the hundred thousands digit of 764179143?
1
What is the units digit of 20398790?
0
What is the ten millions digit of 132035932?
3
What is the thousands digit of 244572403?
2
What is the thousands digit of 447887678?
7
What is the tens digit of 56972385?
8
What is the units digit of 11568636?
6
What is the ten millions digit of 107681902?
0
What is the units digit of 78741096?
6
What is the thousands digit of 153093168?
3
What is the tens digit of 222470896?
9
What is the thousands digit of 614565480?
5
What is the units digit of 87895525?
5
What is the ten thousands digit of 8010532?
1
What is the ten thousands digit of 4391534074?
3
What is the ten thousands digit of 1181726946?
2
What is the hundred millions digit of 1496860793?
4
What is the millions digit of 24290001?
4
What is the hundreds digit of 272147447?
4
What is the tens digit of 3177616548?
4
What is the hundred thousands digit of 303440352?
4
What is the thousands digit of 177698049?
8
What is the ten millions digit of 326084188?
2
What is the ten thousands digit of 555667171?
6
What is the thousands digit of 13984544?
4
What is the hundred thousands digit of 5191821201?
8
What is the tens digit of 33129412?
1
What is the hundreds digit of 4007903331?
3
What is the hundred thousands digit of 79405211?
4
What is the ten thousands digit of 60430890?
3
What is the units digit of 368907413?
3
What is the thousands digit of 62751272?
1
What is the units digit of 602041445?
5
What is the ten millions digit of 5219815769?
1
What is the ten millions digit of 63724170?
6
What is the thousands digit of 18691474?
1
What is the hundreds digit of 795811391?
3
What is the ten millions digit of 14274063?
1
What is the hundred millions digit of 2338195939?
3
What is the hundred thousands digit of 481348695?
3
What is the units digit of 2392259785?
5
What is the ten thousands digit of 265413766?
1
What is the hundred millions digit of 1342152139?
3
What is the tens digit of 16179642?
4
What is the tens digit of 30310419?
1
What is the ten thousands digit of 129188323?
8
What is the ten millions digit of 15806925?
1
What is the ten millions digit of 722328115?
2
What is the hundred thousands digit of 2007830592?
8
What is the tens digit of 62349554?
5
What is the units digit of 575269152?
2
What is the tens digit of 1468589703?
0
What is the ten millions digit of 168214784?
6
What is the units digit of 26366714?
4
What is the ten millions digit of 128436493?
2
What is the tens digit of 12121771?
7
What is the ten thousands digit of 1765092649?
9
What is the units digit of 134176160?
0
What is the millions digit of 1987099032?
7
What is the hundred millions digit of 381351173?
3
What is the ten thousands digit of 1861380462?
8
What is the hundreds digit of 78221746?
7
What is the thousands digit of 1614539?
4
What is the hundred millions digit of 412489452?
4
What is the millions digit of 641594066?
1
What is the ten millions digit of 539065230?
3
What is the units digit of 3878470367?
7
What is the hundred thousands digit of 7078345?
0
What is the ten thousands digit of 382742263?
4
What is the hundred thousands digit of 978321347?
3
What is the ten millions digit of 80310044?
8
What is the hundreds digit of 7946722296?
2
What is the hundred thousands digit of 1632772490?
7
What is the hundred millions digit of 202621879?
2
What is the millions digit of 48377779?
8
What is the thousands digit of 50091306?
1
What is the units digit of 566300639?
9
What is the tens digit of 31917317?
1
What is the thousands digit of 729115818?
5
What is the hundred thousands digit of 284084016?
0
What is the ten thousands digit of 89963803?
6
What is the thousands digit of 31683839?
3
What is the millions digit of 221083129?
1
What is the hundreds digit of 725024117?
1
What is the thousands digit of 144428361?
8
What is the ten thousands digit of 802973712?
7
What is the thousands digit of 186216638?
6
What is the tens digit of 84312521?
2
What is the ten millions digit of 720761248?
2
What is the hundreds digit of 83740337?
3
What is the hundred millions digit of 915117900?
9
What is the units digit of 316826093?
3
What is the thousands digit of 207251544?
1
What is the millions digit of 8798133?
8
What is the hundreds digit of 21795410?
4
What is the ten millions digit of 100130447?
0
What is the ten millions digit of 671945282?
7
What is the millions digit of 56287524?
6
What is the hundred thousands digit of 373755121?
7
What is the thousands digit of 24458766?
8
What is the hundreds digit of 21223433?
4
What is the millions digit of 234679409?
4
What is the ten millions digit of 60820415?
6
What is the units digit of 782637330?
0
What is the ten millions digit of 1369608612?
6
What is the hundred millions digit of 165459125?
1
What is the ten thousands digit of 1813890259?
9
What is the thousands digit of 365152465?
2
What is the tens digit of 40176604?
0
What is the hundred thousands digit of 849992290?
9
What is the hundreds digit of 64153400?
4
What is the thousands digit of 302268930?
8
What is the hundred thousands digit of 1695934184?
9
What is the ten thousands digit of 3690666932?
6
What is the tens digit of 3268319151?
5
What is the tens digit of 640427115?
1
What is the ten millions digit of 3174145013?
7
What is the units digit of 2121594056?
6
What is the ten thousands digit of 168228837?
2
What is the millions digit of 1059848050?
9
What is the billions digit of 2699830933?
2
What is the ten thousands digit of 133591091?
9
What is the tens digit of 620000298?
9
What is the ten millions digit of 5459363160?
5
What is the hundreds digit of 1036285751?
7
What is the ten millions digit of 11800422?
1
What is the hundred millions digit of 102006535?
1
What is the ten millions digit of 28141543?
2
What is the ten thousands digit of 333943649?
4
What is the tens digit of 5861345?
4
What is the hundred thousands digit of 41234799?
2
What is the hundred thousands digit of 27394937?
3
What is the hundred thousands digit of 327870240?
8
What is the ten millions digit of 706286091?
0
What is the hundreds digit of 141628399?
3
What is the millions digit of 50193528?
0
What is the thousands digit of 618075083?
5
What is the millions digit of 2524014866?
4
What is the units digit of 682553686?
6
What is the ten millions digit of 39928778?
3
What is the tens digit of 2029987305?
0
What is the ten millions digit of 31583671?
3
What is the hundreds digit of 621211745?
7
What is the hundred thousands digit of 50081865?
0
What is the thousands digit of 475560675?
0
What is the billions digit of 2491690008?
2
What is the millions digit of 465361583?
5
What is the thousands digit of 653717391?
7
What is the units digit of 3571361?
1
What is the billions digit of 1239557842?
1
What is the hundred thousands digit of 87329742?
3
What is the tens digit of 66655287?
8
What is the ten millions digit of 7862166306?
6
What is the ten thousands digit of 542621074?
2
What is the tens digit of 626909157?
5
What is the units digit of 48485607?
7
What is the hundreds digit of 136734619?
6
What is the hundred thousands digit of 355048319?
0
What is the units digit of 2455869052?
2
What is the thousands digit of 174051910?
1
What is the hundred thousands digit of 44784073?
7
What is the thousands digit of 2104425365?
5
What is the thousands digit of 76103947?
3
What is the millions digit of 16823821?
6
What is the millions digit of 24765770?
4
What is the thousands digit of 825980987?
0
What is the thousands digit of 4893683823?
3
What is the units digit of 423651901?
1
What is the millions digit of 112888041?
2
What is the hundred millions digit of 2880051342?
8
What is the ten thousands digit of 550985437?
8
What is the ten thousands digit of 2792746897?
4
What is the millions digit of 3988559210?
8
What is the ten thousands digit of 2858945917?
4
What is the hundred mi